factor of 30 and j?
30
Suppose -12*c + 24 + 72 = 0. Suppose 0 = -6*b + b + 230. Let f be (-2)/(-6) - b/(-6). What is the greatest common factor of c and f?
8
Suppose 16*k = 18*k - 8. What is the highest common factor of 8 and k?
4
Let c(z) = 10*z - 7. Let j(a) = 220*a - 155. Let o(d) = -45*c(d) + 2*j(d). Let i be o(-8). Calculate the greatest common divisor of i and 17.
17
Suppose -x = 4*w - 22, 4*x - 5*w = -2*w - 7. Suppose 0 = -3*l - x*l + 90. Calculate the highest common divisor of 144 and l.
18
Suppose 4*x = -5*o + 18, 3*x + x - 5*o = -2. Let z be 12/(x + 0 - 1). Suppose 0 = 5*k - 0*k - 480. What is the highest common divisor of k and z?
12
Let d be 32/10*(-7 + 22). What is the greatest common factor of d and 12?
12
Let h(b) = b**2 + 2*b + 1. Let r be h(3). Suppose 2*v - 39 + 7 = 0. Calculate the highest common factor of v and r.
16
Let w(c) = 3*c + 6. Suppose 0*l - 2*l = 8. Let b be w(l). Let u be (9/b)/(4/(-48)). Calculate the highest common divisor of u and 12.
6
Suppose -158 = -8*m + 274. What is the highest common divisor of m and 27?
27
Let r be (-1)/(-2)*0/1. Let z(j) = j**2 + 14. Let h be z(r). What is the highest common factor of h and 14?
14
Let c = -55 - -225. Calculate the highest common factor of 34 and c.
34
Let d(c) = -c**2 - 5*c - 2. Let w be d(-3). Suppose l - 3 = 0, l = -w*x + 3*x + 88. Suppose -5*g = -0*g - x. What is the greatest common factor of g and 17?
17
Suppose -4*o + 2*o = -60. What is the greatest common divisor of o and 20?
10
Suppose j - 54 = 10. Suppose 4*t + w = 52, -4*t + w = -9*t + j. What is the highest common divisor of 84 and t?
12
Let v(w) = 2*w**2 - 4*w - 1. Let p be 1 + -8 + -5 + 2. Let u = -7 - p. Let c be v(u). Calculate the greatest common factor of 1 and c.
1
Let v(d) = d**3 - 3*d**2 - 6*d - 6. Let x be v(5). What is the highest common factor of 35 and x?
7
Suppose 15 + 9 = 4*j. Calculate the greatest common factor of 42 and j.
6
Let c(y) = y**2 + 3*y - 7. Let v be c(-5). Suppose 0 = -v*o + 8 + 4, -34 = -i - 2*o. Calculate the greatest common divisor of 26 and i.
26
Let j = -20 + -29. Let k = j + 99. Let n = -30 + k. Calculate the greatest common factor of 4 and n.
4
Let w = -3 + 7. Let r be (-4)/w + (-45)/(-1). What is the highest common factor of 4 and r?
4
Let b = 1 + 3. Suppose -k + 336 = 2*k. Suppose b*p - k = -24. Calculate the highest common factor of 2 and p.
2
Suppose -4*z = -9 - 23. Suppose z = 5*d - 27. What is the greatest common factor of d and 21?
7
Let s(d) = -2*d + 6. Let l be (14/(-4))/1*2. Let a be s(l). Suppose 0*q - 150 = -5*q. What is the greatest common divisor of q and a?
10
Suppose 5*o - 4*n = 68, 4*o = 8*o - 5*n - 49. What is the greatest common factor of o and 176?
16
Suppose 5*l = -3*b + 32, -b + 3*l + 8 = -12. Let j(u) = -u**3 - 3*u**2 - 2*u + 6. Let v be j(-6). What is the greatest common divisor of v and b?
14
Let v be (-2)/(-1) - (1 + -15). Let u be (2 - (-12)/(-7))*7. Suppose u*x - 64 = 4*t, -2*x + 0*x + 32 = 4*t. What is the greatest common factor of x and v?
8
Let l = 20 + 112. Let m = 36 + -24. Calculate the greatest common divisor of m and l.
12
Let c be 29*(0 + -1 - -5). Suppose -c = -4*g - 0*g. Let n = g - 9. What is the highest common divisor of 4 and n?
4
Let n be (9/(-6))/((-3)/102). Suppose 2*q - 2*b = 160, 4*b + 192 = 3*q - n. Calculate the highest common factor of q and 11.
11
Let o(c) = -2*c**2 + 10*c - 4. Let r be o(4). Calculate the highest common factor of r and 16.
4
Let t = -11 + 17. What is the greatest common divisor of t and 6?
6
Let u = -17 - -20. Let t = 46 + -22. What is the highest common divisor of t and u?
3
Let m be 7 - (-4)/(12/(-9)). Suppose m*z - 3*z - 4 = 0. What is the highest common divisor of 4 and z?
4
Let h(n) = 3*n. Suppose -3*c - 12 + 1 = 4*x, -4*x = -5*c + 35. Let z be h(c). Let v = 6 + z. Calculate the highest common divisor of v and 105.
15
Let c = -6 + 10. Suppose 0 = 5*z - 36 - 14. Let b = 0 + z. Calculate the greatest common divisor of c and b.
2
Suppose -5*z = -4*z - 28. Let b = -35 - -77. Calculate the greatest common factor of z and b.
14
Suppose -l = -5*d + d + 14, -2*l - 4 = 0. What is the greatest common divisor of d and 6?
3
Let q be (-2)/(-7) - 750/(-21). Let g be 13 + ((-2)/1 - -1). Calculate the highest common factor of q and g.
12
Let m(o) = 2*o**2 + 5*o - 3. Let i be m(-4). Calculate the highest common factor of 18 and i.
9
Suppose n + 2*i + 17 = 6*i, -4*n + i = -7. Suppose 0 = -n*z - 2*z + 120. Calculate the highest common factor of z and 16.
8
Let u = 193 - 169. Suppose -4*q + 0 = -12. What is the highest common divisor of q and u?
3
Let a = 21 - 19. Calculate the greatest common factor of a and 2.
2
Suppose a = 5*w - 276, -2*a - 4 = -2. Let i be (-202)/3*(-3)/1. Let h be i/18 + 14/(-63). What is the highest common factor of w and h?
11
Let x(v) = -6*v**2 + 17. Let l(w) = 5*w**2 - 16. Let p(j) = -7*l(j) - 6*x(j). Let a be p(9). Calculate the greatest common divisor of 13 and a.
13
Let t = -14 + 20. Suppose -44 = -t*b + 2*b. What is the greatest common factor of 88 and b?
11
Let s(b) = b**2 - b + 6. Let g be s(0). Let k = 2 - 2. Let d = k - -4. What is the greatest common divisor of g and d?
2
Suppose -155 + 407 = 3*y. Calculate the highest common divisor of y and 28.
28
Let w = 42 + 62. What is the highest common divisor of 13 and w?
13
Let o(h) = -h**2 - 5*h + 2. Let q be o(-5). Suppose q*g - 43 = 5. What is the greatest common divisor of 12 and g?
12
Suppose -45 = -10*g + 5*g. Calculate the highest common factor of 72 and g.
9
Let x be (-4)/(-7) - 104/(-14). Calculate the greatest common factor of 56 and x.
8
Suppose 2*a = t - 9 + 2, -5*a - 40 = -4*t. Calculate the highest common divisor of t and 90.
15
Let y(z) = -z**2 + 10*z - 11. Let s be y(7). Suppose -2*m - s = -3*m. Calculate the highest common factor of m and 110.
10
Suppose -45 = 4*k - 7*k. What is the highest common divisor of 5 and k?
5
Let k = 23 - 15. Let c = 18 - k. Let p be 2/(-6) - 13/(-3). Calculate the highest common divisor of c and p.
2
Let u be (0 - -1)/((-3)/(-27)). Let l = u + 6. Suppose 0 = 4*c - 3*i - 35, -2 - 18 = -2*c + 2*i. Calculate the highest common factor of c and l.
5
Let s(y) = y**2 + 6*y - 6. Suppose -14 = 4*h - 5*k, -1 = h + 2*k + 9. Let c be s(h). Let t = -1 - c. What is the highest common factor of 40 and t?
5
Suppose 5*r + 3 = 28. Suppose 40 + 0 = r*s. What is the greatest common factor of s and 12?
4
Suppose 3*w - 25 = 17. Suppose -i + 2 = g - 0, 0 = 5*i + 4*g - w. What is the highest common factor of 2 and i?
2
Let d be (-24)/(-10) + 6/(-15). Let o be ((-32)/(-10))/((-3)/(-15)). What is the greatest common factor of d and o?
2
Let y = 18 + -23. Let o be (-2)/y*(19 - -1). What is the highest common factor of o and 12?
4
Suppose -3 = 3*b + 105. Let c be (-47)/(-3) - (-24)/b. Let r = -64 - -109. What is the highest common divisor of c and r?
15
Let l be (-23 + 25)/((-4)/(-54)). Calculate the greatest common factor of l and 243.
27
Suppose 16 = 4*a, -5*t + 1 = -4*a - 3. What is the highest common divisor of 8 and t?
4
Suppose 2*p - 7 = -3. Suppose 10 = p*k - k. Calculate the highest common divisor of k and 40.
10
Let r = 57 - 29. Suppose 5*g - r - 32 = 0. Calculate the highest common factor of g and 48.
12
Suppose 744 = -4*w - 2*i, -931 = 3*w + 2*w + 3*i. Let o = -20 - w. Calculate the highest common divisor of o and 15.
15
Let l be -2 + 11 + -1 + 5. Calculate the greatest common divisor of l and 13.
13
Let b be (-20)/(-6) - 6/(-9). Let s be ((-2)/4 + 0)*-6. Suppose s*p - 3*f = p + 23, -f = p + 1. What is the highest common factor of p and b?
4
Let f = 54 - -18. Let y = 16 - 7. What is the greatest common factor of y and f?
9
Suppose -c + 2*c = 4*s - 358, 3*s = -2*c + 274. What is the highest common factor of s and 60?
30
Let y = 6 + -4. Let a be (12/10)/(3/10). Let f = a - y. What is the highest common divisor of 4 and f?
2
Let s(i) = -5*i - 14. Let x be s(-8). Let k be 2/6 - 76/(-6). What is the highest common factor of x and k?
13
Suppose 2*n = -5*f - 16, -13 = 5*f + n - 0. Let s be 4*(-1)/f + 86. What is the highest common factor of s and 11?
11
Let k be 3 - -36*((-12)/8 - -2). Calculate the highest common divisor of k and 3.
3
Let q be -2 + 9 - (0 - -2). Let a = 3 - -2. Calculate the highest common divisor of 